late the greatest common factor of t and 306.
102
Suppose 0 = b - 5, -9*b = 3*i - 13*b + 14. Suppose 5*g - 3*f - 421 - 225 = 0, -2*g - i*f = -252. What is the highest common divisor of g and 4?
4
Suppose 0 = 3*w - 3 - 12, -3*o + 58 = 2*w. Suppose 0 = 71*y - 67*y + r - 66, -3*y + 4*r = -40. What is the highest common factor of o and y?
16
Suppose -2628 = -3*f + x, -4*f + 2*x + 2915 = -589. What is the greatest common factor of 12 and f?
12
Let m = -56 - -133. Let n = 264 - 266. Let r be (2 - n)*65/20 - 2. Calculate the highest common factor of m and r.
11
Suppose -34*r + 5846 = 1154. What is the highest common factor of 5106 and r?
138
Let a = 186 - 114. Let t be 1312/a + (-4)/18 + 0. Calculate the greatest common divisor of t and 198.
18
Let w(r) = r**3 + 6*r**2 + r + 10. Suppose 91 - 1 = -15*j. Let g be w(j). What is the highest common divisor of g and 16?
4
Suppose -4*h = -3*a + 42, 0 = -5*a + 4*h - 5*h + 47. Suppose a*p = 8*p + 108. Calculate the greatest common factor of p and 2.
2
Suppose j + 227 = 4*i, -19*j = -3*i - 14*j + 183. What is the highest common factor of 7798 and i?
14
Let p = -10722 + 10737. What is the greatest common factor of 5250 and p?
15
Let q be (16/(-12))/(2/(-75)). Suppose 121*n = 115*n + 120. What is the greatest common divisor of q and n?
10
Suppose -21 = 24*p - 31*p. Suppose z = -2*o + 22, -o - 2*z = -p - 5. Calculate the greatest common divisor of o and 444.
12
Let j be (12/(-6) - -5) + -2 + -1. Suppose -5*u + g - 3*g + 130 = j, 0 = -3*u + 4*g + 104. What is the greatest common divisor of u and 224?
28
Suppose 0 = -5*o + 3*f + 2613, 4 = f - 0*f. Calculate the highest common factor of 315 and o.
105
Let s(o) = 20*o**2 + 23*o + 21. Let p be s(-1). Suppose 0 = 5*v - 10, -5*z - 5*v = -30 - 25. Calculate the greatest common divisor of z and p.
9
Suppose 5*u - 10 = 3*t, 3*u - 7 = -2*t + 18. Suppose -4*h - 5*z = -170, 2*h - 94 = -0*z + 2*z. Let q = h - u. Calculate the greatest common factor of 60 and q.
20
Let j(m) = m**2 - 16*m - 19. Let y be j(9). Let d be y/(-8) + 12/16 + -1. Calculate the highest common divisor of d and 270.
10
Suppose 10 = -5*w, 0*v - 6 = -2*v - 2*w. Let p(g) = -5*g**2 - v*g + 14 + 4*g**2 + 8*g - 12*g. Let x be p(-8). What is the highest common divisor of x and 55?
11
Suppose -3*w = -7*w. Suppose 5*n - 259 - 416 = w. Calculate the greatest common divisor of n and 30.
15
Suppose 30856 = 4*r - 104*d + 106*d, -3*d - 30856 = -4*r. Calculate the highest common factor of 1064 and r.
266
Suppose 2204*w = 2201*w + j + 183, 2*j - 414 = -7*w. Let p be 114 + (-1 - (-1 + 0)). What is the greatest common factor of w and p?
6
Let d = -584 - -902. Let l = -207 + d. What is the greatest common factor of l and 185?
37
Let n(x) = 11551*x**2 - 72*x + 86. Let p be n(2). Calculate the greatest common factor of p and 6.
6
Let u(w) = -304*w**3 - 5*w**2 - 21*w - 16. Let b be u(-1). Calculate the highest common factor of 988 and b.
76
Suppose h = -4*d + 82, -5*h + 458 = -6*d + 2*d. Let j = -70 + h. Suppose -5*i - j = 0, m - i = -6*i. What is the highest common divisor of m and 20?
20
Let f be ((-4)/6)/((0 - 1)*48/2592). What is the highest common divisor of 981 and f?
9
Let w be ((-3 - -2)*2 + 1)*-204. Suppose -4*b = -3*i - w, 0*i + 4*i + 254 = 5*b. Calculate the highest common divisor of b and 396.
18
Suppose -3*c + 6792 = -3*g, -19*g + 20*g - 4 = 0. Calculate the highest common divisor of 1638 and c.
126
Let y = -859 + 2189. Let m = y + -808. Calculate the greatest common factor of 18 and m.
18
Suppose -j + 2 = 0, 4 = p + p - 2*j. Let i(d) = 3*d**2 + 5*d - 8. Let o be i(p). Calculate the highest common factor of o and 150.
30
Suppose -52*h + 6472 = 61*h - 105*h. What is the greatest common factor of h and 2?
1
Let y = -99 - -102. Suppose 3*z - 4*p = -p + 132, -y*z + 138 = -5*p. Suppose z*j - 111 = 38*j. What is the greatest common divisor of j and 259?
37
Suppose -7*j - 1140 + 69 = 0. Let m = j - -153. Suppose m*n - 912 = -6*n. Calculate the highest common divisor of 19 and n.
19
Suppose -10 = 5*p, -2*h + p = -h - 5. Let t be h/(-2)*-4*3/6. Suppose 127 = t*x + 73. Calculate the greatest common factor of x and 162.
18
Let i be (-6 + -3)*8/12. Let v = 30 + i. Let p be ((-24)/(-5))/((-1)/(-45)). Calculate the greatest common factor of v and p.
24
Suppose 0 = 113*d + 995 - 5063. Suppose n + 3*j = -2 + 92, -3*n - 3*j + 270 = 0. What is the highest common factor of d and n?
18
Suppose -77*z = -54*z - 2254. Calculate the greatest common factor of z and 105.
7
Suppose 36784 = 22*b + 16*b. Calculate the highest common divisor of b and 24.
8
Let k be ((-18)/(3 - 6))/((-6)/(-4)). Let y be (-72)/(-5 - (1 - k)). Calculate the highest common divisor of 54 and y.
18
Let a be 2/5 + (-68)/(-5). Suppose 1394 - 8114 = -32*u. What is the highest common factor of u and a?
14
Suppose -4*a = -a + 2*r, -r = 3*a - 3. Suppose 4*d + c + 86 = 382, a*c = -d + 67. Calculate the highest common factor of 25 and d.
25
Suppose 0 = -3*n + 13*t - 14*t + 2829, -4*t = 12. What is the greatest common divisor of n and 59?
59
Let u(a) = -461*a + 1423. Let b be u(3). Let v be 182/3 - 6/9. What is the highest common factor of v and b?
20
Suppose 3512 = 115*p - 1916 - 1932. Calculate the greatest common factor of 1568 and p.
32
Suppose 2*p + 3*p + d - 591 = 0, 0 = 5*p + 5*d - 575. Suppose -4*y + p = -13. Suppose -57 = -2*i + y. What is the greatest common factor of 60 and i?
15
Let t = -272 + 975. Let g = -450 + t. Let o be 20 - -6*(-2)/(-4). Calculate the highest common divisor of g and o.
23
Suppose 0 = -5*t - 60 + 285. Suppose -29*p = -36*p + 105. Suppose p = 29*r - 26*r. Calculate the greatest common factor of r and t.
5
Suppose -4*n = 4*o - 252, -n - 5 + 38 = -5*o. What is the highest common divisor of 406 and n?
58
Suppose -32 = -3*h - 2*c, -8866*h + 8870*h + c = 31. Calculate the greatest common divisor of 786 and h.
6
Let y be (12/10)/((-6)/(-45)). Suppose 5327 = 18*p - 991. What is the highest common divisor of p and y?
9
Let z be (3 - 0)/(-12) - 517/(-4). Suppose -q + f = -10, 3*q - f = f + 26. Let i be z/1 - q/2. Calculate the highest common divisor of 14 and i.
14
Suppose -2*t = -3*q - 347 - 224, 4*t = 5*q + 1137. Let j = t - 166. Suppose -109*k + j*k - 144 = 0. Calculate the greatest common factor of 12 and k.
12
Let y(r) = r + 22. Let k = 78 - 90. Let i be y(k). Let v(z) = z**3 + 6*z**2 - 2*z + 3. Let a be v(-6). Calculate the highest common factor of i and a.
5
Let p(d) = 2*d**2 + 28*d - 19. Let x be p(6). What is the greatest common divisor of x and 559?
13
Suppose 0 = -3*v + 4*r + 3576, 2*v - r - 4*r - 2391 = 0. Suppose 0 = -20*x + 4792 + v. What is the greatest common factor of x and 13?
13
Suppose 3*v = 6*v - 27. Suppose 0 = -v*o + 4*o + 10. Suppose 7*m - 5 = 2*m + 5*w, 3*m - o*w - 6 = 0. What is the greatest common divisor of 18 and m?
2
Let w be 16/(-2)*((-151)/(-2) - 4). Let c = 806 + w. What is the highest common factor of 36 and c?
18
Suppose -253*f + 235*f + 9324 = 0. What is the highest common factor of 70 and f?
14
Let x = -207 + 510. What is the highest common divisor of x and 9?
3
Let p(z) = -2*z**3 + 6*z**2 - 2*z - 4. Let r be p(4). Let t be r/(-5)*(29 - 24). Calculate the highest common factor of t and 110.
22
Suppose -3626*h + 196 = -3612*h. What is the greatest common divisor of h and 106?
2
Suppose 0 = f + 5*x, -1 = x + 1. Let r(u) = 2*u**3 - 5*u**2 - 4*u + 1. Let t be r(3). Let d be 10*t*(-22)/4. What is the highest common factor of f and d?
10
Suppose 5*o - 16 + 41 = 0. Let d(x) = -64*x + 112. Let f be d(o). What is the highest common divisor of 27 and f?
27
Let k = 1990 + -1920. What is the greatest common factor of k and 686?
14
Suppose p = -5*a + 652, 11*p - 10*p - 656 = -4*a. Calculate the greatest common divisor of p and 28.
28
Let b = 419 + -399. Let r = 2765 + -1345. Calculate the highest common factor of b and r.
20
Suppose -4*s + 65276 = 2*b, 32*s + 65281 = 2*b + 35*s. Calculate the greatest common divisor of 212 and b.
212
Let d be 763/3 + (-14)/(-21). Let h(k) = -266*k + 13374. Let v be h(49). What is the greatest common divisor of d and v?
85
Suppose -4*w + 9*w = 8*w - 9. Suppose 0 = -3*b - 0*b + 51. Calculate the greatest common divisor of w and b.
1
Let r = 1 + 195. What is the greatest common factor of r and